{"id":328,"date":"2021-03-23T11:24:23","date_gmt":"2021-03-23T10:24:23","guid":{"rendered":"http:\/\/biblioteka.strzelce.pl\/?page_id=328"},"modified":"2024-04-12T12:08:50","modified_gmt":"2024-04-12T10:08:50","slug":"deklaracja-dostepnosci","status":"publish","type":"page","link":"https:\/\/biblioteka.strzelce.pl\/?page_id=328","title":{"rendered":"Deklaracja dost\u0119pno\u015bci"},"content":{"rendered":"\n\n\n<h1 id=\"a11y-deklaracja\">Deklaracja dost\u0119pno\u015bci Biblioteka Publiczna Miasta i Gminy Strzelce Kraje\u0144skie<\/h1>\n<p id=\"a11y-wstep\"><span id=\"a11y-podmiot\">Deklaracja dost\u0119pno\u015bci Biblioteki Publicznej Miasta i Gminy w Strzelcach Kraje\u0144skich<\/span> zobowi\u0105zuje si\u0119 zapewni\u0107 dost\u0119pno\u015b\u0107 swojej strony internetowej zgodnie z przepisami ustawy z dnia 4&nbsp;kwietnia 2019&nbsp;r. o&nbsp;dost\u0119pno\u015bci cyfrowej stron internetowych i&nbsp;aplikacji mobilnych podmiot\u00f3w publicznych. O\u015bwiadczenie w sprawie dost\u0119pno\u015bci ma zastosowanie do strony internetowej <a id=\"a11y-url\" href=\"https:\/\/biblioteka.strzelce.pl\">Biblioteka Publiczna Miasta i Gminy Strzelce Kraje\u0144skie<\/a>.<\/p>\n<ul>\n    <li>Data publikacji strony internetowej: <time id=\"a11y-data-publikacja\" datetime=\"2014-08-26\">2014-08-26<\/time><\/li>\n    <li>Data ostatniej istotnej aktualizacji: <time id=\"a11y-data-aktualizacja\" datetime=\"2024-02-12\">2024-02-12<\/time><\/li>\n<\/ul>\n<h2>Status pod wzgl\u0119dem zgodno\u015bci z ustaw\u0105<\/h2>\n    <p>Strona internetowa jest <strong id=\"a11y-status\">cz\u0119\u015bciowo zgodna<\/strong> z&nbsp;ustaw\u0105 o&nbsp;dost\u0119pno\u015bci cyfrowej stron internetowych i&nbsp;aplikacji mobilnych podmiot\u00f3w publicznych z&nbsp;powodu niezgodno\u015bci lub wy\u0142\u0105cze\u0144 wymienionych poni\u017cej.<\/p>\n\n<h3>Tre\u015bci niedost\u0119pne<\/h3>\n    <ul>\n            <li>\n            Nie wszystkie dokumenty s\u0105 dost\u0119pne cyfrowo.\n        <\/li>\n            <li>\n                Wyst\u0119puj\u0105 problemy ze znacznikami HTML.\n        <\/li>\n        <\/ul>\n\n\n\n<h3> Przygotowanie deklaracji w sprawie dost\u0119pno\u015bci<\/h3>\n<ul>\n<li>Deklaracj\u0119 sporz\u0105dzono dnia:  <time id=\"a11y-data-sporzadzenie\" datetime=\"2024-03-29\">2024-03-29<\/time><\/li>\n<li>Deklaracj\u0119 zosta\u0142a ostatnio poddana przegl\u0105dowi i aktualizacji dnia:  <time id=\"a11y-data-deklaracja-przeglad\" datetime=\"2023-03-31\">2023-03-31<\/time><\/li>\n<\/ul>\n\n    <p>Deklaracj\u0119 sporz\u0105dzono na podstawie samooceny. <\/p>\n\n\n<h2 id=\"a11y-kontakt\">Informacje zwrotne i dane kontaktowe<\/h2>\n<ul>\n<li>Za rozpatrywanie uwag i wniosk\u00f3w odpowiada:  <span id=\"a11y-osoba\">Kazimiera Czaja<\/span>.<\/li>\n<li>E-mail: <span id=\"a11y-email\">biblioteka@strzelce.pl<\/span><\/li>\n<li>Telefon: <span id=\"a11y-telefon\">957632887<\/span><\/li>\n<\/ul>\n\n<p id=\"a11y-procedura\">Ka\u017cdy ma prawo:<\/p>\n<ul>\n    <li>zg\u0142osi\u0107 uwagi dotycz\u0105ce dost\u0119pno\u015bci cyfrowej strony lub jej elementu,<\/li>\n    <li>zg\u0142osi\u0107 \u017c\u0105danie zapewnienia dost\u0119pno\u015bci cyfrowej strony lub jej elementu,<\/li>\n    <li>wnioskowa\u0107 o udost\u0119pnienie niedost\u0119pnej informacji w innej alternatywnej formie.<\/li>\n<\/ul>\n<p>\u017b\u0105danie musi zawiera\u0107:<\/p>\n<ul>\n    <li>dane kontaktowe osoby zg\u0142aszaj\u0105cej,<\/li>\n    <li>wskazanie strony lub elementu strony, kt\u00f3rej dotyczy \u017c\u0105danie,<\/li>\n    <li>wskazanie dogodnej formy udost\u0119pnienia informacji, je\u015bli \u017c\u0105danie dotyczy udost\u0119pnienia w formie alternatywnej informacji niedost\u0119pnej.<\/li>\n<\/ul>\n<p>Rozpatrzenie zg\u0142oszenia powinno nast\u0105pi\u0107 niezw\u0142ocznie, najp\u00f3\u017aniej w ci\u0105gu 7 dni. Je\u015bli w tym terminie zapewnienie dost\u0119pno\u015bci albo zapewnienie dost\u0119pu w alternatywnej formie nie jest mo\u017cliwe, powinno nast\u0105pi\u0107 najdalej w ci\u0105gu 2 miesi\u0119cy od daty zg\u0142oszenia.<\/p>\n\n<h3>Skargi i odwo\u0142ania<\/h3>\n<p>Na niedotrzymanie tych termin\u00f3w oraz na odmow\u0119 realizacji \u017c\u0105dania mo\u017cna z\u0142o\u017cy\u0107 skarg\u0119 do organu nadzoruj\u0105cego poczt\u0105 lub drog\u0105 elektroniczn\u0105 na adres:<\/p>\n<ul>\n<li>Organ nadzoruj\u0105cy: Dyrektor Biblioteki Publicznej Miasta i Gminy w Strzelcach Kraje\u0144skich<\/li>\n<li>Adres: 66-500 Strzelce Kraje\u0144skie, ul. Strzelecka 7<\/li>\n<li>E-mail: biblioteka@strzelce.pl<\/li>\n<li>Telefon: 957632887<\/li>\n<\/ul>\n<p>Skarg\u0119 mo\u017cna z\u0142o\u017cy\u0107 r\u00f3wnie\u017c do  <a href=\"https:\/\/www.rpo.gov.pl\/content\/jak-zglosic-sie-do-rzecznika-praw-obywatelskich\">Rzecznika Praw Obywatelskich<\/a>.<\/p>\n\n<h2 id=\"a11y-architektura\">Dost\u0119pno\u015b\u0107 architektoniczna<\/h2>\n<p>1. Biblioteka g\u0142&oacute;wna w Strzelcach Kraje\u0144skich. Wej\u015bcie do budynku posiada podjazd dla os&oacute;b na w&oacute;zku oraz dostosowane drzwi wej\u015bciowe i do lokalu biblioteki. Przed budynkiem s\u0105 wyznaczone dwa miejsca parkingowe dla os&oacute;b z niepe\u0142nosprawno\u015bci\u0105. Lokal biblioteki znajduje si\u0119 na parterze. Dzia\u0142y dla doros\u0142ych znajduj\u0105 si\u0119 na obni\u017conym parterze, gdzie prowadz\u0105 schody (3 stopnie) z por\u0119cz\u0105. W budynku znajduje si\u0119 toaleta dostosowana dla os&oacute;b poruszaj\u0105cych si\u0119 na w&oacute;zkach.&nbsp;<\/p>\n<p>2. Filia w Bobr&oacute;wku usytuowana jest na podwy\u017cszonym parterze, do kt&oacute;rego prowadz\u0105 schody (8 stopni) z por\u0119cz\u0105. Brak podjazdu. Wewn\u0105trz lokalu brak udogodnie\u0144 dla os&oacute;b o szczeg&oacute;lnych potrzebach.&nbsp;<\/p>\n<p>3. Filia w Brzozie usytuowana jest na parterze. Wej\u015bcie do budynku, warunki lokalowe uniemo\u017cliwiaj\u0105 poruszanie si\u0119 os&oacute;b na w&oacute;zkach. Brak toalety dostosowanej dla os&oacute;b z niepe\u0142nosprawno\u015bciami.<\/p>\n<p>4. Filiia w Ogardach usytuowana jest na podwy\u017cszonym parterze, do kt&oacute;rego prowadz\u0105 dwustopniowe schody. Wewn\u0105trz ograniczona mo\u017cliwo\u015b\u0107 poruszania si\u0119 os&oacute;b na w&oacute;zkach. Brak toalety.<\/p>\n<p>5. Filia w Tucznie usytuowana jest na podwy\u017cszonym parterze. Brak podjazdu. Schody trzystopniowe z por\u0119cz\u0105. Brak toalety dla os&oacute;b z niepe\u0142nosprawno\u015bci\u0105.&nbsp;<\/p>\n\n\n\n    <h2>Informacje dodatkowe<\/h2>\n\n        <h3>U\u0142atwienia<\/h3>\n    <p>Na stronie internetowej mo\u017cna korzysta\u0107 ze skr&oacute;t&oacute;w klawiaturowych.<\/p>\n<p>Mo\u017cliwo\u015b\u0107 zmiany rozmiaru tekstu.<\/p>\n<p>Mo\u017cliwo\u015b\u0107 zastosowania kontrastu.<\/p>\n<p>Do wszystkich lokali mo\u017cna wej\u015b\u0107 z psem asystuj\u0105cym, z psem przewodnikiem.<\/p>\n    \n        <h3> Inne informacje i o\u015bwiadczenia<\/h3>\n    <p>Biblioteka \u015bwiadczy us\u0142ug\u0119 Ksi\u0105\u017cka na telefon. W ramach bezp\u0142atnej us\u0142ug bibliotekarze dostarczaj\u0105 ksi\u0105\u017cki, czasopisma i audiobooki do domu os&oacute;b zainteresowanych tak\u0105 form\u0105 udost\u0119pniania zbior&oacute;w.<\/p>\n    \n","protected":false},"excerpt":{"rendered":"<p>Deklaracja dost\u0119pno\u015bci Biblioteka Publiczna Miasta i Gminy Strzelce Kraje\u0144skie Deklaracja dost\u0119pno\u015bci Biblioteki Publicznej Miasta i Gminy w Strzelcach Kraje\u0144skich zobowi\u0105zuje si\u0119 zapewni\u0107 dost\u0119pno\u015b\u0107 swojej strony internetowej zgodnie z przepisami ustawy z dnia 4&nbsp;kwietnia 2019&nbsp;r. o&nbsp;dost\u0119pno\u015bci cyfrowej stron internetowych i&nbsp;aplikacji mobilnych podmiot\u00f3w publicznych. O\u015bwiadczenie w sprawie dost\u0119pno\u015bci ma zastosowanie do strony internetowej Biblioteka Publiczna Miasta i [&hellip;]<\/p>\n","protected":false},"author":1,"featured_media":0,"parent":0,"menu_order":0,"comment_status":"closed","ping_status":"closed","template":"","meta":{"footnotes":""},"class_list":["post-328","page","type-page","status-publish","hentry"],"_links":{"self":[{"href":"https:\/\/biblioteka.strzelce.pl\/index.php?rest_route=\/wp\/v2\/pages\/328","targetHints":{"allow":["GET"]}}],"collection":[{"href":"https:\/\/biblioteka.strzelce.pl\/index.php?rest_route=\/wp\/v2\/pages"}],"about":[{"href":"https:\/\/biblioteka.strzelce.pl\/index.php?rest_route=\/wp\/v2\/types\/page"}],"author":[{"embeddable":true,"href":"https:\/\/biblioteka.strzelce.pl\/index.php?rest_route=\/wp\/v2\/users\/1"}],"replies":[{"embeddable":true,"href":"https:\/\/biblioteka.strzelce.pl\/index.php?rest_route=%2Fwp%2Fv2%2Fcomments&post=328"}],"version-history":[{"count":5,"href":"https:\/\/biblioteka.strzelce.pl\/index.php?rest_route=\/wp\/v2\/pages\/328\/revisions"}],"predecessor-version":[{"id":615,"href":"https:\/\/biblioteka.strzelce.pl\/index.php?rest_route=\/wp\/v2\/pages\/328\/revisions\/615"}],"wp:attachment":[{"href":"https:\/\/biblioteka.strzelce.pl\/index.php?rest_route=%2Fwp%2Fv2%2Fmedia&parent=328"}],"curies":[{"name":"wp","href":"https:\/\/api.w.org\/{rel}","templated":true}]}}

Deklaracja dostępności

<h1 id="a11y-deklaracja">Deklaracja dostępności Biblioteka Publiczna Miasta i Gminy Strzelce Krajeńskie</h1>
<p id="a11y-wstep"><span id="a11y-podmiot">Deklaracja dostępności Biblioteki Publicznej Miasta i Gminy w Strzelcach Krajeńskich</span> zobowiązuje się zapewnić dostępność swojej strony internetowej zgodnie z przepisami ustawy z dnia 4&nbsp;kwietnia 2019&nbsp;r. o&nbsp;dostępności cyfrowej stron internetowych i&nbsp;aplikacji mobilnych podmiotów publicznych. Oświadczenie w sprawie dostępności ma zastosowanie do strony internetowej <a id="a11y-url" href="https://biblioteka.strzelce.pl">Biblioteka Publiczna Miasta i Gminy Strzelce Krajeńskie</a>.</p>
<ul>
    <li>Data publikacji strony internetowej: <time id="a11y-data-publikacja" datetime="2014-08-26">2014-08-26</time></li>
    <li>Data ostatniej istotnej aktualizacji: <time id="a11y-data-aktualizacja" datetime="2024-02-12">2024-02-12</time></li>
</ul>
<h2>Status pod względem zgodności z ustawą</h2>
    <p>Strona internetowa jest <strong id="a11y-status">częściowo zgodna</strong> z&nbsp;ustawą o&nbsp;dostępności cyfrowej stron internetowych i&nbsp;aplikacji mobilnych podmiotów publicznych z&nbsp;powodu niezgodności lub wyłączeń wymienionych poniżej.</p>

<h3>Treści niedostępne</h3>
    <ul>
            <li>
            Nie wszystkie dokumenty są dostępne cyfrowo.
        </li>
            <li>
                Występują problemy ze znacznikami HTML.
        </li>
        </ul>



<h3> Przygotowanie deklaracji w sprawie dostępności</h3>
<ul>
<li>Deklarację sporządzono dnia:  <time id="a11y-data-sporzadzenie" datetime="2024-03-29">2024-03-29</time></li>
<li>Deklarację została ostatnio poddana przeglądowi i aktualizacji dnia:  <time id="a11y-data-deklaracja-przeglad" datetime="2023-03-31">2023-03-31</time></li>
</ul>

    <p>Deklarację sporządzono na podstawie samooceny. </p>


<h2 id="a11y-kontakt">Informacje zwrotne i dane kontaktowe</h2>
<ul>
<li>Za rozpatrywanie uwag i wniosków odpowiada:  <span id="a11y-osoba">Kazimiera Czaja</span>.</li>
<li>E-mail: <span id="a11y-email">biblioteka@strzelce.pl</span></li>
<li>Telefon: <span id="a11y-telefon">957632887</span></li>
</ul>

<p id="a11y-procedura">Każdy ma prawo:</p>
<ul>
    <li>zgłosić uwagi dotyczące dostępności cyfrowej strony lub jej elementu,</li>
    <li>zgłosić żądanie zapewnienia dostępności cyfrowej strony lub jej elementu,</li>
    <li>wnioskować o udostępnienie niedostępnej informacji w innej alternatywnej formie.</li>
</ul>
<p>Żądanie musi zawierać:</p>
<ul>
    <li>dane kontaktowe osoby zgłaszającej,</li>
    <li>wskazanie strony lub elementu strony, której dotyczy żądanie,</li>
    <li>wskazanie dogodnej formy udostępnienia informacji, jeśli żądanie dotyczy udostępnienia w formie alternatywnej informacji niedostępnej.</li>
</ul>
<p>Rozpatrzenie zgłoszenia powinno nastąpić niezwłocznie, najpóźniej w ciągu 7 dni. Jeśli w tym terminie zapewnienie dostępności albo zapewnienie dostępu w alternatywnej formie nie jest możliwe, powinno nastąpić najdalej w ciągu 2 miesięcy od daty zgłoszenia.</p>

<h3>Skargi i odwołania</h3>
<p>Na niedotrzymanie tych terminów oraz na odmowę realizacji żądania można złożyć skargę do organu nadzorującego pocztą lub drogą elektroniczną na adres:</p>
<ul>
<li>Organ nadzorujący: Dyrektor Biblioteki Publicznej Miasta i Gminy w Strzelcach Krajeńskich</li>
<li>Adres: 66-500 Strzelce Krajeńskie, ul. Strzelecka 7</li>
<li>E-mail: biblioteka@strzelce.pl</li>
<li>Telefon: 957632887</li>
</ul>
<p>Skargę można złożyć również do  <a href="https://www.rpo.gov.pl/content/jak-zglosic-sie-do-rzecznika-praw-obywatelskich">Rzecznika Praw Obywatelskich</a>.</p>

<h2 id="a11y-architektura">Dostępność architektoniczna</h2>
<p>1. Biblioteka gł&oacute;wna w Strzelcach Krajeńskich. Wejście do budynku posiada podjazd dla os&oacute;b na w&oacute;zku oraz dostosowane drzwi wejściowe i do lokalu biblioteki. Przed budynkiem są wyznaczone dwa miejsca parkingowe dla os&oacute;b z niepełnosprawnością. Lokal biblioteki znajduje się na parterze. Działy dla dorosłych znajdują się na obniżonym parterze, gdzie prowadzą schody (3 stopnie) z poręczą. W budynku znajduje się toaleta dostosowana dla os&oacute;b poruszających się na w&oacute;zkach.&nbsp;</p>
<p>2. Filia w Bobr&oacute;wku usytuowana jest na podwyższonym parterze, do kt&oacute;rego prowadzą schody (8 stopni) z poręczą. Brak podjazdu. Wewnątrz lokalu brak udogodnień dla os&oacute;b o szczeg&oacute;lnych potrzebach.&nbsp;</p>
<p>3. Filia w Brzozie usytuowana jest na parterze. Wejście do budynku, warunki lokalowe uniemożliwiają poruszanie się os&oacute;b na w&oacute;zkach. Brak toalety dostosowanej dla os&oacute;b z niepełnosprawnościami.</p>
<p>4. Filiia w Ogardach usytuowana jest na podwyższonym parterze, do kt&oacute;rego prowadzą dwustopniowe schody. Wewnątrz ograniczona możliwość poruszania się os&oacute;b na w&oacute;zkach. Brak toalety.</p>
<p>5. Filia w Tucznie usytuowana jest na podwyższonym parterze. Brak podjazdu. Schody trzystopniowe z poręczą. Brak toalety dla os&oacute;b z niepełnosprawnością.&nbsp;</p>



    <h2>Informacje dodatkowe</h2>

        <h3>Ułatwienia</h3>
    <p>Na stronie internetowej można korzystać ze skr&oacute;t&oacute;w klawiaturowych.</p>
<p>Możliwość zmiany rozmiaru tekstu.</p>
<p>Możliwość zastosowania kontrastu.</p>
<p>Do wszystkich lokali można wejść z psem asystującym, z psem przewodnikiem.</p>
    
        <h3> Inne informacje i oświadczenia</h3>
    <p>Biblioteka świadczy usługę Książka na telefon. W ramach bezpłatnej usług bibliotekarze dostarczają książki, czasopisma i audiobooki do domu os&oacute;b zainteresowanych taką formą udostępniania zbior&oacute;w.</p>

<p>Deklaracja dostępności Biblioteka Publiczna Miasta i Gminy Strzelce Krajeńskie Deklaracja dostępności Biblioteki Publicznej Miasta i Gminy w Strzelcach Krajeńskich zobowiązuje się zapewnić dostępność swojej strony internetowej zgodnie z przepisami ustawy z dnia 4&nbsp;kwietnia 2019&nbsp;r. o&nbsp;dostępności cyfrowej stron internetowych i&nbsp;aplikacji mobilnych podmiotów publicznych. Oświadczenie w sprawie dostępności ma zastosowanie do strony internetowej Biblioteka Publiczna Miasta i [&hellip;]</p>
