{"id":186,"date":"2020-01-31T08:58:24","date_gmt":"2020-01-31T07:58:24","guid":{"rendered":"http:\/\/biblioteka.strzelce.pl\/?page_id=186"},"modified":"2020-01-31T11:27:58","modified_gmt":"2020-01-31T10:27:58","slug":"klauzula-informacyjna","status":"publish","type":"page","link":"https:\/\/biblioteka.strzelce.pl\/?page_id=186","title":{"rendered":"RODO"},"content":{"rendered":"<p style=\"text-align: center;\">Szanowni Pa\u0144stwo<\/p>\n<p style=\"text-align: justify;\"><strong>Biblioteka Publiczna Miasta i Gminy w Strzelcach Kraje\u0144skich z\u00a0siedzib\u0105 przy ul. Strzeleckiej 7, 66-500 Strzelce Kraje\u0144skie<\/strong><strong>, jako podmiot sektora finans\u00f3w publicznych podejmuje dzia\u0142ania\u00a0 wynikaj\u0105ce z przepis\u00f3w ustawy o samorz\u0105dzie gminnym oraz realizuje inne zadania ustawowe i\u00a0statutowe. Pani\/Pana dane osobowe s\u0105 przetwarzane w formie tradycyjnej oraz elektronicznej zgodnie z\u00a0obowi\u0105zuj\u0105cymi przepisami prawa. <\/strong><\/p>\n<p style=\"text-align: justify;\">Zgodnie z\u00a0art. 4 ust. pkt. 7 RODO <strong>Administratorem <\/strong>Pani\/Pana danych osobowych jest<strong> Biblioteka Publiczna Miasta i Gminy w Strzelcach Kraje\u0144skich <\/strong>reprezentowana przez<strong> Kierownika Jednostki<\/strong>.<\/p>\n<p style=\"text-align: justify;\"><strong>Dokumenty zawieraj\u0105ce Pani\/Pana dane osobowe b\u0119d\u0105 przetwarzane przez okres okre\u015blony przepisami prawa<\/strong>.<\/p>\n<p style=\"text-align: justify;\"><strong>Przetwarzane dane osobowe nie s\u0105 i\u00a0nie b\u0119d\u0105 udost\u0119pniane innym podmiotom<\/strong> poza przypadkami, gdy obowi\u0105zek taki wynika z\u00a0powszechnie obowi\u0105zuj\u0105cych przepis\u00f3w prawa lub zostanie na to wyra\u017cona Pani\/Pana zgoda. Dane nie b\u0119d\u0105 przekazywane do pa\u0144stwa trzeciego ani organizacji mi\u0119dzynarodowej oraz nie b\u0119d\u0105 przetwarzane w\u00a0spos\u00f3b zautomatyzowany w\u00a0tym r\u00f3wnie\u017c w\u00a0formie profilowania. <strong>Ponadto informuj\u0119, \u017ce nadz\u00f3r nad przestrzeganiem przepis\u00f3w o\u00a0ochronie danych osobowych <\/strong>w Bibliotece Publicznej Miasta i Gminy w Strzelcach Kraje\u0144skich realizuje Inspektor Danych Osobowych e-mail: <a href=\"mailto:kontakt@smart-standards.com\">kontakt@smart-standards.com<\/a> lub jmrowicka@poczta.onet.pl, tel. 602 241\u00a0239.<\/p>\n<p style=\"text-align: justify;\"><strong>Posiada Pan\/Pani prawo dost\u0119pu do tre\u015bci swoich danych osobowych<\/strong> oraz prawo ich sprostowania, usuni\u0119cia, ograniczenia przetwarzania, prawo do przenoszenia danych, prawo wniesienia sprzeciwu, o\u00a0ile jest to zgodne z\u00a0przepisami powszechnie obowi\u0105zuj\u0105cego prawa. Bli\u017csze informacje uzyskacie Pa\u0144stwo poprzez kontakt z\u00a0Inspektorem Ochrony Danych.<\/p>\n<p style=\"text-align: justify;\"><strong>Ma Pani\/Pan prawo wniesienia skargi do Prezesa Urz\u0119du Ochrony Danych Osobowych <\/strong>lub innego organu kontrolnego gdy uzna Pan\/Pani, i\u017c przetwarzanie jego danych osobowych narusza obowi\u0105zuj\u0105ce przepisy.<\/p>\n<p><strong>Administrator<\/strong><\/p>\n","protected":false},"excerpt":{"rendered":"<p>Szanowni Pa\u0144stwo Biblioteka Publiczna Miasta i Gminy w Strzelcach Kraje\u0144skich z\u00a0siedzib\u0105 przy ul. Strzeleckiej 7, 66-500 Strzelce Kraje\u0144skie, jako podmiot sektora finans\u00f3w publicznych podejmuje dzia\u0142ania\u00a0 wynikaj\u0105ce z przepis\u00f3w ustawy o samorz\u0105dzie gminnym oraz realizuje inne zadania ustawowe i\u00a0statutowe. Pani\/Pana dane osobowe s\u0105 przetwarzane w formie tradycyjnej oraz elektronicznej zgodnie z\u00a0obowi\u0105zuj\u0105cymi przepisami prawa. Zgodnie z\u00a0art. 4 [&hellip;]<\/p>\n","protected":false},"author":1,"featured_media":0,"parent":0,"menu_order":0,"comment_status":"closed","ping_status":"closed","template":"","meta":{"footnotes":""},"class_list":["post-186","page","type-page","status-publish","hentry"],"_links":{"self":[{"href":"https:\/\/biblioteka.strzelce.pl\/index.php?rest_route=\/wp\/v2\/pages\/186","targetHints":{"allow":["GET"]}}],"collection":[{"href":"https:\/\/biblioteka.strzelce.pl\/index.php?rest_route=\/wp\/v2\/pages"}],"about":[{"href":"https:\/\/biblioteka.strzelce.pl\/index.php?rest_route=\/wp\/v2\/types\/page"}],"author":[{"embeddable":true,"href":"https:\/\/biblioteka.strzelce.pl\/index.php?rest_route=\/wp\/v2\/users\/1"}],"replies":[{"embeddable":true,"href":"https:\/\/biblioteka.strzelce.pl\/index.php?rest_route=%2Fwp%2Fv2%2Fcomments&post=186"}],"version-history":[{"count":3,"href":"https:\/\/biblioteka.strzelce.pl\/index.php?rest_route=\/wp\/v2\/pages\/186\/revisions"}],"predecessor-version":[{"id":190,"href":"https:\/\/biblioteka.strzelce.pl\/index.php?rest_route=\/wp\/v2\/pages\/186\/revisions\/190"}],"wp:attachment":[{"href":"https:\/\/biblioteka.strzelce.pl\/index.php?rest_route=%2Fwp%2Fv2%2Fmedia&parent=186"}],"curies":[{"name":"wp","href":"https:\/\/api.w.org\/{rel}","templated":true}]}}