{"id":18,"date":"2014-08-26T14:35:11","date_gmt":"2014-08-26T12:35:11","guid":{"rendered":"http:\/\/biblioteka.strzelce.pl\/?page_id=18"},"modified":"2022-10-18T14:52:21","modified_gmt":"2022-10-18T12:52:21","slug":"filia-biblioteczna-w-ogardach","status":"publish","type":"page","link":"https:\/\/biblioteka.strzelce.pl\/?page_id=18","title":{"rendered":"Filia biblioteczna w Ogardach"},"content":{"rendered":"<p><strong>Filia biblioteczna w Ogardach<\/strong><\/p>\n<p>Ogardy 52<\/p>\n<p>66-500 Strzelce Kraje\u0144skie<\/p>\n<p>czynne: poniedzia\u0142ek, \u015broda\u00a0 16.00 \u2013 19.00<\/p>\n<p>pi\u0105tek 10.00 \u2013 14.00<\/p>\n<p>e-mail : biblioteka.ogardy@strzelce.pl<\/p>\n","protected":false},"excerpt":{"rendered":"<p>Filia biblioteczna w Ogardach Ogardy 52 66-500 Strzelce Kraje\u0144skie czynne: poniedzia\u0142ek, \u015broda\u00a0 16.00 \u2013 19.00 pi\u0105tek 10.00 \u2013 14.00 e-mail : biblioteka.ogardy@strzelce.pl<\/p>\n","protected":false},"author":1,"featured_media":0,"parent":9,"menu_order":4,"comment_status":"closed","ping_status":"closed","template":"","meta":{"footnotes":""},"class_list":["post-18","page","type-page","status-publish","hentry"],"_links":{"self":[{"href":"https:\/\/biblioteka.strzelce.pl\/index.php?rest_route=\/wp\/v2\/pages\/18","targetHints":{"allow":["GET"]}}],"collection":[{"href":"https:\/\/biblioteka.strzelce.pl\/index.php?rest_route=\/wp\/v2\/pages"}],"about":[{"href":"https:\/\/biblioteka.strzelce.pl\/index.php?rest_route=\/wp\/v2\/types\/page"}],"author":[{"embeddable":true,"href":"https:\/\/biblioteka.strzelce.pl\/index.php?rest_route=\/wp\/v2\/users\/1"}],"replies":[{"embeddable":true,"href":"https:\/\/biblioteka.strzelce.pl\/index.php?rest_route=%2Fwp%2Fv2%2Fcomments&post=18"}],"version-history":[{"count":5,"href":"https:\/\/biblioteka.strzelce.pl\/index.php?rest_route=\/wp\/v2\/pages\/18\/revisions"}],"predecessor-version":[{"id":532,"href":"https:\/\/biblioteka.strzelce.pl\/index.php?rest_route=\/wp\/v2\/pages\/18\/revisions\/532"}],"up":[{"embeddable":true,"href":"https:\/\/biblioteka.strzelce.pl\/index.php?rest_route=\/wp\/v2\/pages\/9"}],"wp:attachment":[{"href":"https:\/\/biblioteka.strzelce.pl\/index.php?rest_route=%2Fwp%2Fv2%2Fmedia&parent=18"}],"curies":[{"name":"wp","href":"https:\/\/api.w.org\/{rel}","templated":true}]}}