{"id":12,"date":"2014-08-26T14:32:55","date_gmt":"2014-08-26T12:32:55","guid":{"rendered":"http:\/\/biblioteka.strzelce.pl\/?page_id=12"},"modified":"2023-09-04T13:59:25","modified_gmt":"2023-09-04T11:59:25","slug":"informacje-ogolne","status":"publish","type":"page","link":"https:\/\/biblioteka.strzelce.pl\/","title":{"rendered":"Informacje og\u00f3lne"},"content":{"rendered":"\n<h3 class=\"wp-block-heading\">Informacje og\u00f3lne<\/h3>\n\n\n<p><img loading=\"lazy\" decoding=\"async\" class=\"alignleft size-full wp-image-108\" style=\"margin: 30px 20px;\" title=\"\" src=\"https:\/\/biblioteka.strzelce.pl\/wp-content\/uploads\/2014\/08\/cid_C688BB42FC6D44659F1261F3C123D705@Bibliotekarzpc.jpg\" alt=\"!cid_C688BB42FC6D44659F1261F3C123D705@Bibliotekarzpc\" width=\"243\" height=\"163\"><\/p>\n<p><\/p>\n<p><strong style=\"line-height: 1.6em;\">Biblioteka Publiczna Miasta i Gminy<br>w Strzelcach Kraje\u0144skich<\/strong><\/p>\n<p>ul. Strzelecka 7<br>66-500 Strzelce Kraje\u0144skie<br>tel. 95 7632887<\/p>\n<p><\/p>\n<p><\/p>\n\n\n<figure class=\"wp-block-image size-large\"><img loading=\"lazy\" decoding=\"async\" width=\"724\" height=\"1024\" src=\"https:\/\/biblioteka.strzelce.pl\/wp-content\/uploads\/2023\/09\/godziny-otwarcia-26.08-724x1024.jpg\" alt=\"Nowe godziny otwarcia biblioteki:\n10:00-18:00 poniedzia\u0142ek, wtorek,czwartek, pi\u0105tek,\n8:00-15:00 \u015broda,\n9:00-15:00 sobota\" class=\"wp-image-580\" srcset=\"https:\/\/biblioteka.strzelce.pl\/wp-content\/uploads\/2023\/09\/godziny-otwarcia-26.08-724x1024.jpg 724w, https:\/\/biblioteka.strzelce.pl\/wp-content\/uploads\/2023\/09\/godziny-otwarcia-26.08-212x300.jpg 212w, https:\/\/biblioteka.strzelce.pl\/wp-content\/uploads\/2023\/09\/godziny-otwarcia-26.08-768x1086.jpg 768w, https:\/\/biblioteka.strzelce.pl\/wp-content\/uploads\/2023\/09\/godziny-otwarcia-26.08-1086x1536.jpg 1086w, https:\/\/biblioteka.strzelce.pl\/wp-content\/uploads\/2023\/09\/godziny-otwarcia-26.08-1448x2048.jpg 1448w, https:\/\/biblioteka.strzelce.pl\/wp-content\/uploads\/2023\/09\/godziny-otwarcia-26.08-scaled.jpg 1810w\" sizes=\"auto, (max-width: 724px) 100vw, 724px\" \/><\/figure>\n\n\n","protected":false},"excerpt":{"rendered":"<p>Informacje og\u00f3lne Biblioteka Publiczna Miasta i Gminyw Strzelcach Kraje\u0144skich ul. Strzelecka 766-500 Strzelce Kraje\u0144skietel. 95 7632887<\/p>\n","protected":false},"author":1,"featured_media":0,"parent":9,"menu_order":1,"comment_status":"closed","ping_status":"closed","template":"","meta":{"footnotes":""},"class_list":["post-12","page","type-page","status-publish","hentry"],"_links":{"self":[{"href":"https:\/\/biblioteka.strzelce.pl\/index.php?rest_route=\/wp\/v2\/pages\/12","targetHints":{"allow":["GET"]}}],"collection":[{"href":"https:\/\/biblioteka.strzelce.pl\/index.php?rest_route=\/wp\/v2\/pages"}],"about":[{"href":"https:\/\/biblioteka.strzelce.pl\/index.php?rest_route=\/wp\/v2\/types\/page"}],"author":[{"embeddable":true,"href":"https:\/\/biblioteka.strzelce.pl\/index.php?rest_route=\/wp\/v2\/users\/1"}],"replies":[{"embeddable":true,"href":"https:\/\/biblioteka.strzelce.pl\/index.php?rest_route=%2Fwp%2Fv2%2Fcomments&post=12"}],"version-history":[{"count":79,"href":"https:\/\/biblioteka.strzelce.pl\/index.php?rest_route=\/wp\/v2\/pages\/12\/revisions"}],"predecessor-version":[{"id":585,"href":"https:\/\/biblioteka.strzelce.pl\/index.php?rest_route=\/wp\/v2\/pages\/12\/revisions\/585"}],"up":[{"embeddable":true,"href":"https:\/\/biblioteka.strzelce.pl\/index.php?rest_route=\/wp\/v2\/pages\/9"}],"wp:attachment":[{"href":"https:\/\/biblioteka.strzelce.pl\/index.php?rest_route=%2Fwp%2Fv2%2Fmedia&parent=12"}],"curies":[{"name":"wp","href":"https:\/\/api.w.org\/{rel}","templated":true}]}}